{"id":833,"date":"2023-06-18T16:15:59","date_gmt":"2023-06-18T20:15:59","guid":{"rendered":"https:\/\/bien-etre-solidaire.com\/?page_id=833"},"modified":"2023-06-18T20:12:54","modified_gmt":"2023-06-19T00:12:54","slug":"tirelires-dossier-de-presse","status":"publish","type":"page","link":"https:\/\/bien-etre-solidaire.com\/index.php\/tirelires-dossier-de-presse\/","title":{"rendered":"Tirelires : Communiqu\u00e9 et dossiers de presse"},"content":{"rendered":"\n<h2 class=\"wp-block-heading\"><strong>LANCEMENT DES TIRELIRES<br>DU MOUVEMENT BIEN-\u00caTRE SOLIDAIRE<\/strong><\/h2>\n\n\n\n<figure class=\"wp-block-image size-full is-resized\"><img loading=\"lazy\" decoding=\"async\" src=\"https:\/\/bien-etre-solidaire.com\/wp-content\/uploads\/2023\/06\/Logo-Ansanm-Ansanm-AG-2.png\" alt=\"\" class=\"wp-image-819\" width=\"297\" height=\"274\" srcset=\"https:\/\/bien-etre-solidaire.com\/wp-content\/uploads\/2023\/06\/Logo-Ansanm-Ansanm-AG-2.png 433w, https:\/\/bien-etre-solidaire.com\/wp-content\/uploads\/2023\/06\/Logo-Ansanm-Ansanm-AG-2-300x276.png 300w\" sizes=\"auto, (max-width: 297px) 100vw, 297px\" \/><\/figure>\n\n\n\n<p><strong>Association Ansanm Ansanm Antilles Guyane<\/strong><br><a href=\"https:\/\/www.association-ansanm-ansanm-antilles-guyane.fr\">https:\/\/www.association-ansanm-ansanm-antilles-guyane.fr<\/a><br>ansanm-ag@protonmail. com<br>Sophie Monneret, pr\u00e9sidente<br><strong>06 90 86 25 77<\/strong><\/p>\n\n\n\n<p><\/p>\n\n\n\n<h3 class=\"wp-block-heading\"><strong>Communiqu\u00e9 de presse<\/strong><\/h3>\n\n\n\n<div class=\"_3d-flip-book  fb3d-fullscreen-mode full-size\" data-id=\"866\" data-mode=\"fullscreen\" data-title=\"false\" data-template=\"short-white-book-view\" data-lightbox=\"dark-shadow\" data-urlparam=\"fb3d-page\" data-page-n=\"0\" data-pdf=\"\" data-tax=\"null\" data-thumbnail=\"\" data-cols=\"3\" data-book-template=\"default\" data-trigger=\"\"><\/div><script type=\"text\/javascript\">window.FB3D_CLIENT_DATA = window.FB3D_CLIENT_DATA || [];FB3D_CLIENT_DATA.push('eyJwb3N0cyI6eyI4NjYiOnsiSUQiOjg2NiwidGl0bGUiOiJUaXJlbGlyZXMgOiBDb21tdW5pcXVcdTAwZTkgZGUgcHJlc3NlIiwidHlwZSI6InBkZiIsInJlYWR5X2Z1bmN0aW9uIjoiIiwiYm9va19zdHlsZSI6InZvbHVtZS1wYWRkaW5ncy11bnJvbGxpbmciLCJib29rX3RlbXBsYXRlIjoibm9uZSIsIm91dGxpbmUiOltdLCJkYXRhIjp7InBvc3RfSUQiOiI4NjciLCJndWlkIjoiaHR0cHM6XC9cL2JpZW4tZXRyZS1zb2xpZGFpcmUuY29tXC93cC1jb250ZW50XC91cGxvYWRzXC8yMDIzXC8wNlwvQ09NTVVOSVFVRS1ERS1QUkVTU0UtdGlyZWxpcmVzLVBERi5wZGYiLCJwZGZfcGFnZXMiOiIyIiwicGFnZXNfY3VzdG9taXphdGlvbiI6Im5vbmUifSwidGh1bWJuYWlsIjp7ImRhdGEiOnsicG9zdF9JRCI6IjAifSwidHlwZSI6ImF1dG8ifSwicHJvcHMiOnsiYmFja2dyb3VuZENvbG9yIjoiYXV0byIsImJhY2tncm91bmRJbWFnZSI6ImF1dG8iLCJiYWNrZ3JvdW5kU3R5bGUiOiJhdXRvIiwiaGlnaGxpZ2h0TGlua3MiOiJhdXRvIiwibGlnaHRpbmciOiJhdXRvIiwiY2FjaGVkUGFnZXMiOiJhdXRvIiwicmVuZGVySW5hY3RpdmVQYWdlcyI6ImF1dG8iLCJyZW5kZXJJbmFjdGl2ZVBhZ2VzT25Nb2JpbGUiOiJhdXRvIiwicmVuZGVyV2hpbGVGbGlwcGluZyI6ImF1dG8iLCJwcmVsb2FkUGFnZXMiOiJhdXRvIiwiYXV0b1BsYXlEdXJhdGlvbiI6ImF1dG8iLCJydGwiOiJhdXRvIiwiaW50ZXJhY3RpdmVDb3JuZXJzIjoiYXV0byIsIm1heERlcHRoIjoiYXV0byIsInNoZWV0Ijp7InN0YXJ0VmVsb2NpdHkiOiJhdXRvIiwid2F2ZSI6ImF1dG8iLCJzaGFwZSI6ImF1dG8iLCJ3aWR0aFRleGVscyI6ImF1dG8iLCJjb2xvciI6ImF1dG8iLCJzaWRlIjoiYXV0byIsImNvcm5lckRldmlhdGlvbiI6ImF1dG8iLCJmbGV4aWJpbGl0eSI6ImF1dG8iLCJmbGV4aWJsZUNvcm5lciI6ImF1dG8iLCJiZW5kaW5nIjoiYXV0byIsImhlaWdodFRleGVscyI6ImF1dG8ifSwiY292ZXIiOnsid2F2ZSI6ImF1dG8iLCJjb2xvciI6ImF1dG8iLCJzaWRlIjoiYXV0byIsImJpbmRlclRleHR1cmUiOiJhdXRvIiwiZGVwdGgiOiJhdXRvIiwicGFkZGluZyI6ImF1dG8iLCJzdGFydFZlbG9jaXR5IjoiYXV0byIsImZsZXhpYmlsaXR5IjoiYXV0byIsImZsZXhpYmxlQ29ybmVyIjoiYXV0byIsImJlbmRpbmciOiJhdXRvIiwid2lkdGhUZXhlbHMiOiJhdXRvIiwiaGVpZ2h0VGV4ZWxzIjoiYXV0byIsIm1hc3MiOiJhdXRvIiwic2hhcGUiOiJhdXRvIn0sInBhZ2UiOnsid2F2ZSI6ImF1dG8iLCJjb2xvciI6ImF1dG8iLCJzaWRlIjoiYXV0byIsImRlcHRoIjoiYXV0byIsInN0YXJ0VmVsb2NpdHkiOiJhdXRvIiwiZmxleGliaWxpdHkiOiJhdXRvIiwiZmxleGlibGVDb3JuZXIiOiJhdXRvIiwiYmVuZGluZyI6ImF1dG8iLCJ3aWR0aFRleGVscyI6ImF1dG8iLCJoZWlnaHRUZXhlbHMiOiJhdXRvIiwibWFzcyI6ImF1dG8iLCJzaGFwZSI6ImF1dG8ifSwiaGVpZ2h0IjoiYXV0byIsIndpZHRoIjoiYXV0byIsImdyYXZpdHkiOiJhdXRvIiwicGFnZXNGb3JQcmVkaWN0aW5nIjoiYXV0byJ9LCJjb250cm9sUHJvcHMiOnsiYWN0aW9ucyI6eyJjbWRUb2MiOnsiZW5hYmxlZCI6ImF1dG8iLCJlbmFibGVkSW5OYXJyb3ciOiJhdXRvIiwiYWN0aXZlIjoiYXV0byIsImRlZmF1bHRUYWIiOiJhdXRvIn0sImNtZEF1dG9QbGF5Ijp7ImVuYWJsZWQiOiJhdXRvIiwiZW5hYmxlZEluTmFycm93IjoiYXV0byIsImFjdGl2ZSI6ImF1dG8ifSwiY21kU2F2ZSI6eyJlbmFibGVkIjoiYXV0byIsImVuYWJsZWRJbk5hcnJvdyI6ImF1dG8ifSwiY21kUHJpbnQiOnsiZW5hYmxlZCI6ImF1dG8iLCJlbmFibGVkSW5OYXJyb3ciOiJhdXRvIn0sImNtZFNpbmdsZVBhZ2UiOnsiZW5hYmxlZCI6ImF1dG8iLCJlbmFibGVkSW5OYXJyb3ciOiJhdXRvIiwiYWN0aXZlIjoiYXV0byIsImFjdGl2ZUZvck1vYmlsZSI6ImF1dG8ifSwid2lkVG9vbGJhciI6eyJlbmFibGVkIjoiYXV0byIsImVuYWJsZWRJbk5hcnJvdyI6ImF1dG8ifX19LCJhdXRvVGh1bWJuYWlsIjoiaHR0cHM6XC9cL2JpZW4tZXRyZS1zb2xpZGFpcmUuY29tXC93cC1jb250ZW50XC91cGxvYWRzXC8zZC1mbGlwLWJvb2tcL2F1dG8tdGh1bWJuYWlsc1wvODY2LnBuZyIsInBvc3RfbmFtZSI6InRpcmVsaXJlcy1jb21tdW5pcXVlLWRlLXByZXNzZSIsInBvc3RfdHlwZSI6IjNkLWZsaXAtYm9vayJ9fSwicGFnZXMiOltdLCJmaXJzdFBhZ2VzIjpbXX0=');window.FB3D_CLIENT_LOCALE && FB3D_CLIENT_LOCALE.render && FB3D_CLIENT_LOCALE.render();<\/script>\n\n\n\n<p><\/p>\n\n\n\n<h3 class=\"wp-block-heading\"><strong>Dossier de presse complet<\/strong><\/h3>\n\n\n\n<div class=\"_3d-flip-book  fb3d-fullscreen-mode full-size\" data-id=\"814\" data-mode=\"fullscreen\" data-title=\"false\" data-template=\"short-white-book-view\" data-lightbox=\"dark-shadow\" data-urlparam=\"fb3d-page\" data-page-n=\"0\" data-pdf=\"\" data-tax=\"null\" data-thumbnail=\"\" data-cols=\"3\" data-book-template=\"default\" data-trigger=\"\"><\/div><script type=\"text\/javascript\">window.FB3D_CLIENT_DATA = window.FB3D_CLIENT_DATA || [];FB3D_CLIENT_DATA.push('eyJwb3N0cyI6eyI4MTQiOnsiSUQiOjgxNCwidGl0bGUiOiJUaXJlbGlyZXMgOiBEb3NzaWVyIGRlIHByZXNzZSBjb21wbGV0IiwidHlwZSI6InBkZiIsInJlYWR5X2Z1bmN0aW9uIjoiIiwiYm9va19zdHlsZSI6ImZsYXQiLCJib29rX3RlbXBsYXRlIjoibm9uZSIsIm91dGxpbmUiOltdLCJkYXRhIjp7InBvc3RfSUQiOiI4NjQiLCJndWlkIjoiaHR0cHM6XC9cL2JpZW4tZXRyZS1zb2xpZGFpcmUuY29tXC93cC1jb250ZW50XC91cGxvYWRzXC8yMDIzXC8wNlwvRG9zc2llci1wcmVzc2UtVGlyZWxpcmVzLTQuMy40LTIucGRmIiwicGRmX3BhZ2VzIjoiMTMiLCJwYWdlc19jdXN0b21pemF0aW9uIjoibm9uZSJ9LCJ0aHVtYm5haWwiOnsiZGF0YSI6eyJwb3N0X0lEIjoiMCJ9LCJ0eXBlIjoiYXV0byJ9LCJwcm9wcyI6eyJiYWNrZ3JvdW5kQ29sb3IiOiJhdXRvIiwiYmFja2dyb3VuZEltYWdlIjoiYXV0byIsImJhY2tncm91bmRTdHlsZSI6ImF1dG8iLCJoaWdobGlnaHRMaW5rcyI6ImF1dG8iLCJsaWdodGluZyI6ImF1dG8iLCJjYWNoZWRQYWdlcyI6ImF1dG8iLCJyZW5kZXJJbmFjdGl2ZVBhZ2VzIjoiYXV0byIsInJlbmRlckluYWN0aXZlUGFnZXNPbk1vYmlsZSI6ImF1dG8iLCJyZW5kZXJXaGlsZUZsaXBwaW5nIjoiYXV0byIsInByZWxvYWRQYWdlcyI6ImF1dG8iLCJhdXRvUGxheUR1cmF0aW9uIjoiYXV0byIsInJ0bCI6ImF1dG8iLCJpbnRlcmFjdGl2ZUNvcm5lcnMiOiJhdXRvIiwibWF4RGVwdGgiOiJhdXRvIiwic2hlZXQiOnsic3RhcnRWZWxvY2l0eSI6ImF1dG8iLCJ3YXZlIjoiYXV0byIsInNoYXBlIjoiYXV0byIsIndpZHRoVGV4ZWxzIjoiYXV0byIsImNvbG9yIjoiYXV0byIsInNpZGUiOiJhdXRvIiwiY29ybmVyRGV2aWF0aW9uIjoiYXV0byIsImZsZXhpYmlsaXR5IjoiYXV0byIsImZsZXhpYmxlQ29ybmVyIjoiYXV0byIsImJlbmRpbmciOiJhdXRvIiwiaGVpZ2h0VGV4ZWxzIjoiYXV0byJ9LCJjb3ZlciI6eyJ3YXZlIjoiYXV0byIsImNvbG9yIjoiYXV0byIsInNpZGUiOiJhdXRvIiwiYmluZGVyVGV4dHVyZSI6ImF1dG8iLCJkZXB0aCI6ImF1dG8iLCJwYWRkaW5nIjoiYXV0byIsInN0YXJ0VmVsb2NpdHkiOiJhdXRvIiwiZmxleGliaWxpdHkiOiJhdXRvIiwiZmxleGlibGVDb3JuZXIiOiJhdXRvIiwiYmVuZGluZyI6ImF1dG8iLCJ3aWR0aFRleGVscyI6ImF1dG8iLCJoZWlnaHRUZXhlbHMiOiJhdXRvIiwibWFzcyI6ImF1dG8iLCJzaGFwZSI6ImF1dG8ifSwicGFnZSI6eyJ3YXZlIjoiYXV0byIsImNvbG9yIjoiYXV0byIsInNpZGUiOiJhdXRvIiwiZGVwdGgiOiJhdXRvIiwic3RhcnRWZWxvY2l0eSI6ImF1dG8iLCJmbGV4aWJpbGl0eSI6ImF1dG8iLCJmbGV4aWJsZUNvcm5lciI6ImF1dG8iLCJiZW5kaW5nIjoiYXV0byIsIndpZHRoVGV4ZWxzIjoiYXV0byIsImhlaWdodFRleGVscyI6ImF1dG8iLCJtYXNzIjoiYXV0byIsInNoYXBlIjoiYXV0byJ9LCJoZWlnaHQiOiJhdXRvIiwid2lkdGgiOiJhdXRvIiwiZ3Jhdml0eSI6ImF1dG8iLCJwYWdlc0ZvclByZWRpY3RpbmciOiJhdXRvIn0sImNvbnRyb2xQcm9wcyI6eyJhY3Rpb25zIjp7ImNtZFRvYyI6eyJlbmFibGVkIjoiYXV0byIsImVuYWJsZWRJbk5hcnJvdyI6ImF1dG8iLCJhY3RpdmUiOiJhdXRvIiwiZGVmYXVsdFRhYiI6ImF1dG8ifSwiY21kQXV0b1BsYXkiOnsiZW5hYmxlZCI6ImF1dG8iLCJlbmFibGVkSW5OYXJyb3ciOiJhdXRvIiwiYWN0aXZlIjoiYXV0byJ9LCJjbWRTYXZlIjp7ImVuYWJsZWQiOiJhdXRvIiwiZW5hYmxlZEluTmFycm93IjoiYXV0byJ9LCJjbWRQcmludCI6eyJlbmFibGVkIjoiYXV0byIsImVuYWJsZWRJbk5hcnJvdyI6ImF1dG8ifSwiY21kU2luZ2xlUGFnZSI6eyJlbmFibGVkIjoiYXV0byIsImVuYWJsZWRJbk5hcnJvdyI6ImF1dG8iLCJhY3RpdmUiOiJhdXRvIiwiYWN0aXZlRm9yTW9iaWxlIjoiYXV0byJ9LCJ3aWRUb29sYmFyIjp7ImVuYWJsZWQiOiJhdXRvIiwiZW5hYmxlZEluTmFycm93IjoiYXV0byJ9fX0sImF1dG9UaHVtYm5haWwiOiJodHRwczpcL1wvYmllbi1ldHJlLXNvbGlkYWlyZS5jb21cL3dwLWNvbnRlbnRcL3VwbG9hZHNcLzNkLWZsaXAtYm9va1wvYXV0by10aHVtYm5haWxzXC84MTQucG5nIiwicG9zdF9uYW1lIjoidGlyZWxpcmVzLWRvc3NpZXItZGUtcHJlc3NlLWNvbXBsZXQiLCJwb3N0X3R5cGUiOiIzZC1mbGlwLWJvb2sifX0sInBhZ2VzIjpbXSwiZmlyc3RQYWdlcyI6W119');window.FB3D_CLIENT_LOCALE && FB3D_CLIENT_LOCALE.render && FB3D_CLIENT_LOCALE.render();<\/script>\n\n\n\n<p><\/p>\n\n\n\n<h3 class=\"wp-block-heading\"><strong>Dossier de presse (version courte)<\/strong><\/h3>\n\n\n\n<div class=\"_3d-flip-book  fb3d-fullscreen-mode full-size\" data-id=\"816\" data-mode=\"fullscreen\" data-title=\"false\" data-template=\"short-white-book-view\" data-lightbox=\"dark-shadow\" data-urlparam=\"fb3d-page\" data-page-n=\"0\" data-pdf=\"\" data-tax=\"null\" data-thumbnail=\"\" data-cols=\"3\" data-book-template=\"default\" data-trigger=\"\"><\/div><script type=\"text\/javascript\">window.FB3D_CLIENT_DATA = window.FB3D_CLIENT_DATA || [];FB3D_CLIENT_DATA.push('eyJwb3N0cyI6eyI4MTYiOnsiSUQiOjgxNiwidGl0bGUiOiJUaXJlbGlyZXMgOiBEb3NzaWVyIGRlIHByZXNzZSAodmVyc2lvbiBjb3VydGUpIiwidHlwZSI6InBkZiIsInJlYWR5X2Z1bmN0aW9uIjoiIiwiYm9va19zdHlsZSI6InZvbHVtZS1wYWRkaW5ncy11bnJvbGxpbmciLCJib29rX3RlbXBsYXRlIjoibm9uZSIsIm91dGxpbmUiOltdLCJkYXRhIjp7InBvc3RfSUQiOiI4NjUiLCJndWlkIjoiaHR0cHM6XC9cL2JpZW4tZXRyZS1zb2xpZGFpcmUuY29tXC93cC1jb250ZW50XC91cGxvYWRzXC8yMDIzXC8wNlwvRG9zc2llci1wcmVzc2UtVGlyZWxpcmVzLTQuMy4zLXZlcnNpb24tY291cnRlLTIucGRmIiwicGRmX3BhZ2VzIjoiNyIsInBhZ2VzX2N1c3RvbWl6YXRpb24iOiJub25lIn0sInRodW1ibmFpbCI6eyJkYXRhIjp7InBvc3RfSUQiOiIwIn0sInR5cGUiOiJhdXRvIn0sInByb3BzIjp7ImJhY2tncm91bmRDb2xvciI6ImF1dG8iLCJiYWNrZ3JvdW5kSW1hZ2UiOiJhdXRvIiwiYmFja2dyb3VuZFN0eWxlIjoiYXV0byIsImhpZ2hsaWdodExpbmtzIjoiYXV0byIsImxpZ2h0aW5nIjoiYXV0byIsImNhY2hlZFBhZ2VzIjoiYXV0byIsInJlbmRlckluYWN0aXZlUGFnZXMiOiJhdXRvIiwicmVuZGVySW5hY3RpdmVQYWdlc09uTW9iaWxlIjoiYXV0byIsInJlbmRlcldoaWxlRmxpcHBpbmciOiJhdXRvIiwicHJlbG9hZFBhZ2VzIjoiYXV0byIsImF1dG9QbGF5RHVyYXRpb24iOiJhdXRvIiwicnRsIjoiYXV0byIsImludGVyYWN0aXZlQ29ybmVycyI6ImF1dG8iLCJtYXhEZXB0aCI6ImF1dG8iLCJzaGVldCI6eyJzdGFydFZlbG9jaXR5IjoiYXV0byIsIndhdmUiOiJhdXRvIiwic2hhcGUiOiJhdXRvIiwid2lkdGhUZXhlbHMiOiJhdXRvIiwiY29sb3IiOiJhdXRvIiwic2lkZSI6ImF1dG8iLCJjb3JuZXJEZXZpYXRpb24iOiJhdXRvIiwiZmxleGliaWxpdHkiOiJhdXRvIiwiZmxleGlibGVDb3JuZXIiOiJhdXRvIiwiYmVuZGluZyI6ImF1dG8iLCJoZWlnaHRUZXhlbHMiOiJhdXRvIn0sImNvdmVyIjp7IndhdmUiOiJhdXRvIiwiY29sb3IiOiJhdXRvIiwic2lkZSI6ImF1dG8iLCJiaW5kZXJUZXh0dXJlIjoiYXV0byIsImRlcHRoIjoiYXV0byIsInBhZGRpbmciOiJhdXRvIiwic3RhcnRWZWxvY2l0eSI6ImF1dG8iLCJmbGV4aWJpbGl0eSI6ImF1dG8iLCJmbGV4aWJsZUNvcm5lciI6ImF1dG8iLCJiZW5kaW5nIjoiYXV0byIsIndpZHRoVGV4ZWxzIjoiYXV0byIsImhlaWdodFRleGVscyI6ImF1dG8iLCJtYXNzIjoiYXV0byIsInNoYXBlIjoiYXV0byJ9LCJwYWdlIjp7IndhdmUiOiJhdXRvIiwiY29sb3IiOiJhdXRvIiwic2lkZSI6ImF1dG8iLCJkZXB0aCI6ImF1dG8iLCJzdGFydFZlbG9jaXR5IjoiYXV0byIsImZsZXhpYmlsaXR5IjoiYXV0byIsImZsZXhpYmxlQ29ybmVyIjoiYXV0byIsImJlbmRpbmciOiJhdXRvIiwid2lkdGhUZXhlbHMiOiJhdXRvIiwiaGVpZ2h0VGV4ZWxzIjoiYXV0byIsIm1hc3MiOiJhdXRvIiwic2hhcGUiOiJhdXRvIn0sImhlaWdodCI6ImF1dG8iLCJ3aWR0aCI6ImF1dG8iLCJncmF2aXR5IjoiYXV0byIsInBhZ2VzRm9yUHJlZGljdGluZyI6ImF1dG8ifSwiY29udHJvbFByb3BzIjp7ImFjdGlvbnMiOnsiY21kVG9jIjp7ImVuYWJsZWQiOiJhdXRvIiwiZW5hYmxlZEluTmFycm93IjoiYXV0byIsImFjdGl2ZSI6ImF1dG8iLCJkZWZhdWx0VGFiIjoiYXV0byJ9LCJjbWRBdXRvUGxheSI6eyJlbmFibGVkIjoiYXV0byIsImVuYWJsZWRJbk5hcnJvdyI6ImF1dG8iLCJhY3RpdmUiOiJhdXRvIn0sImNtZFNhdmUiOnsiZW5hYmxlZCI6ImF1dG8iLCJlbmFibGVkSW5OYXJyb3ciOiJhdXRvIn0sImNtZFByaW50Ijp7ImVuYWJsZWQiOiJhdXRvIiwiZW5hYmxlZEluTmFycm93IjoiYXV0byJ9LCJjbWRTaW5nbGVQYWdlIjp7ImVuYWJsZWQiOiJhdXRvIiwiZW5hYmxlZEluTmFycm93IjoiYXV0byIsImFjdGl2ZSI6ImF1dG8iLCJhY3RpdmVGb3JNb2JpbGUiOiJhdXRvIn0sIndpZFRvb2xiYXIiOnsiZW5hYmxlZCI6ImF1dG8iLCJlbmFibGVkSW5OYXJyb3ciOiJhdXRvIn19fSwiYXV0b1RodW1ibmFpbCI6Imh0dHBzOlwvXC9iaWVuLWV0cmUtc29saWRhaXJlLmNvbVwvd3AtY29udGVudFwvdXBsb2Fkc1wvM2QtZmxpcC1ib29rXC9hdXRvLXRodW1ibmFpbHNcLzgxNi5wbmciLCJwb3N0X25hbWUiOiJ0aXJlbGlyZXMtZG9zc2llci1kZS1wcmVzc2UtdmVyc2lvbi1jb3VydGUiLCJwb3N0X3R5cGUiOiIzZC1mbGlwLWJvb2sifX0sInBhZ2VzIjpbXSwiZmlyc3RQYWdlcyI6W119');window.FB3D_CLIENT_LOCALE && FB3D_CLIENT_LOCALE.render && FB3D_CLIENT_LOCALE.render();<\/script>\n","protected":false},"excerpt":{"rendered":"<p>LANCEMENT DES TIRELIRESDU MOUVEMENT BIEN-\u00caTRE SOLIDAIRE Association Ansanm Ansanm Antilles Guyanehttps:\/\/www.association-ansanm-ansanm-antilles-guyane.fransanm-ag@protonmail. comSophie Monneret, pr\u00e9sidente06 90 86 25 77 Communiqu\u00e9 de<\/p>\n","protected":false},"author":1,"featured_media":0,"parent":0,"menu_order":0,"comment_status":"closed","ping_status":"closed","template":"","meta":{"colormag_page_container_layout":"default_layout","colormag_page_sidebar_layout":"default_layout","_bbp_topic_count":0,"_bbp_reply_count":0,"_bbp_total_topic_count":0,"_bbp_total_reply_count":0,"_bbp_voice_count":0,"_bbp_anonymous_reply_count":0,"_bbp_topic_count_hidden":0,"_bbp_reply_count_hidden":0,"_bbp_forum_subforum_count":0,"footnotes":""},"class_list":["post-833","page","type-page","status-publish","hentry"],"yoast_head":"<!-- This site is optimized with the Yoast SEO plugin v26.9 - https:\/\/yoast.com\/product\/yoast-seo-wordpress\/ -->\n<title>Tirelires : Communiqu\u00e9 et dossiers de presse - Bien-\u00eatre-solidaire<\/title>\n<meta name=\"robots\" content=\"index, follow, max-snippet:-1, max-image-preview:large, max-video-preview:-1\" \/>\n<link rel=\"canonical\" href=\"https:\/\/bien-etre-solidaire.com\/index.php\/tirelires-dossier-de-presse\/\" class=\"yoast-seo-meta-tag\" \/>\n<meta property=\"og:locale\" content=\"fr_FR\" class=\"yoast-seo-meta-tag\" \/>\n<meta property=\"og:type\" content=\"article\" class=\"yoast-seo-meta-tag\" \/>\n<meta property=\"og:title\" content=\"Tirelires : Communiqu\u00e9 et dossiers de presse - Bien-\u00eatre-solidaire\" class=\"yoast-seo-meta-tag\" \/>\n<meta property=\"og:description\" content=\"LANCEMENT DES TIRELIRESDU MOUVEMENT BIEN-\u00caTRE SOLIDAIRE Association Ansanm Ansanm Antilles Guyanehttps:\/\/www.association-ansanm-ansanm-antilles-guyane.fransanm-ag@protonmail. comSophie Monneret, pr\u00e9sidente06 90 86 25 77 Communiqu\u00e9 de\" class=\"yoast-seo-meta-tag\" \/>\n<meta property=\"og:url\" content=\"https:\/\/bien-etre-solidaire.com\/index.php\/tirelires-dossier-de-presse\/\" class=\"yoast-seo-meta-tag\" \/>\n<meta property=\"og:site_name\" content=\"Bien-\u00eatre-solidaire\" class=\"yoast-seo-meta-tag\" \/>\n<meta property=\"article:modified_time\" content=\"2023-06-19T00:12:54+00:00\" class=\"yoast-seo-meta-tag\" \/>\n<meta property=\"og:image\" content=\"https:\/\/bien-etre-solidaire.com\/wp-content\/uploads\/2023\/06\/Logo-Ansanm-Ansanm-AG-2.png\" class=\"yoast-seo-meta-tag\" \/>\n<meta name=\"twitter:card\" content=\"summary_large_image\" class=\"yoast-seo-meta-tag\" \/>\n<meta name=\"twitter:label1\" content=\"Dur\u00e9e de lecture estim\u00e9e\" class=\"yoast-seo-meta-tag\" \/>\n\t<meta name=\"twitter:data1\" content=\"1 minute\" class=\"yoast-seo-meta-tag\" \/>\n<script type=\"application\/ld+json\" class=\"yoast-schema-graph\">{\"@context\":\"https:\/\/schema.org\",\"@graph\":[{\"@type\":\"WebPage\",\"@id\":\"https:\/\/bien-etre-solidaire.com\/index.php\/tirelires-dossier-de-presse\/\",\"url\":\"https:\/\/bien-etre-solidaire.com\/index.php\/tirelires-dossier-de-presse\/\",\"name\":\"Tirelires : Communiqu\u00e9 et dossiers de presse - Bien-\u00eatre-solidaire\",\"isPartOf\":{\"@id\":\"https:\/\/bien-etre-solidaire.com\/#website\"},\"primaryImageOfPage\":{\"@id\":\"https:\/\/bien-etre-solidaire.com\/index.php\/tirelires-dossier-de-presse\/#primaryimage\"},\"image\":{\"@id\":\"https:\/\/bien-etre-solidaire.com\/index.php\/tirelires-dossier-de-presse\/#primaryimage\"},\"thumbnailUrl\":\"https:\/\/bien-etre-solidaire.com\/wp-content\/uploads\/2023\/06\/Logo-Ansanm-Ansanm-AG-2.png\",\"datePublished\":\"2023-06-18T20:15:59+00:00\",\"dateModified\":\"2023-06-19T00:12:54+00:00\",\"breadcrumb\":{\"@id\":\"https:\/\/bien-etre-solidaire.com\/index.php\/tirelires-dossier-de-presse\/#breadcrumb\"},\"inLanguage\":\"fr-FR\",\"potentialAction\":[{\"@type\":\"ReadAction\",\"target\":[\"https:\/\/bien-etre-solidaire.com\/index.php\/tirelires-dossier-de-presse\/\"]}]},{\"@type\":\"ImageObject\",\"inLanguage\":\"fr-FR\",\"@id\":\"https:\/\/bien-etre-solidaire.com\/index.php\/tirelires-dossier-de-presse\/#primaryimage\",\"url\":\"https:\/\/bien-etre-solidaire.com\/wp-content\/uploads\/2023\/06\/Logo-Ansanm-Ansanm-AG-2.png\",\"contentUrl\":\"https:\/\/bien-etre-solidaire.com\/wp-content\/uploads\/2023\/06\/Logo-Ansanm-Ansanm-AG-2.png\",\"width\":433,\"height\":399},{\"@type\":\"BreadcrumbList\",\"@id\":\"https:\/\/bien-etre-solidaire.com\/index.php\/tirelires-dossier-de-presse\/#breadcrumb\",\"itemListElement\":[{\"@type\":\"ListItem\",\"position\":1,\"name\":\"Accueil\",\"item\":\"https:\/\/bien-etre-solidaire.com\/\"},{\"@type\":\"ListItem\",\"position\":2,\"name\":\"Tirelires : Communiqu\u00e9 et dossiers de presse\"}]},{\"@type\":\"WebSite\",\"@id\":\"https:\/\/bien-etre-solidaire.com\/#website\",\"url\":\"https:\/\/bien-etre-solidaire.com\/\",\"name\":\"Bien-\u00eatre-solidaire\",\"description\":\"Un r\u00e9confort pour un sourire\",\"publisher\":{\"@id\":\"https:\/\/bien-etre-solidaire.com\/#organization\"},\"potentialAction\":[{\"@type\":\"SearchAction\",\"target\":{\"@type\":\"EntryPoint\",\"urlTemplate\":\"https:\/\/bien-etre-solidaire.com\/?s={search_term_string}\"},\"query-input\":{\"@type\":\"PropertyValueSpecification\",\"valueRequired\":true,\"valueName\":\"search_term_string\"}}],\"inLanguage\":\"fr-FR\"},{\"@type\":\"Organization\",\"@id\":\"https:\/\/bien-etre-solidaire.com\/#organization\",\"name\":\"Bien-\u00eatre-solidaire\",\"url\":\"https:\/\/bien-etre-solidaire.com\/\",\"logo\":{\"@type\":\"ImageObject\",\"inLanguage\":\"fr-FR\",\"@id\":\"https:\/\/bien-etre-solidaire.com\/#\/schema\/logo\/image\/\",\"url\":\"https:\/\/bien-etre-solidaire.com\/wp-content\/uploads\/2023\/02\/cropped-logo-Bien-etre-solidaire-2023-512x512-1.jpg\",\"contentUrl\":\"https:\/\/bien-etre-solidaire.com\/wp-content\/uploads\/2023\/02\/cropped-logo-Bien-etre-solidaire-2023-512x512-1.jpg\",\"width\":512,\"height\":512,\"caption\":\"Bien-\u00eatre-solidaire\"},\"image\":{\"@id\":\"https:\/\/bien-etre-solidaire.com\/#\/schema\/logo\/image\/\"}}]}<\/script>\n<!-- \/ Yoast SEO plugin. -->","yoast_head_json":{"title":"Tirelires : Communiqu\u00e9 et dossiers de presse - Bien-\u00eatre-solidaire","robots":{"index":"index","follow":"follow","max-snippet":"max-snippet:-1","max-image-preview":"max-image-preview:large","max-video-preview":"max-video-preview:-1"},"canonical":"https:\/\/bien-etre-solidaire.com\/index.php\/tirelires-dossier-de-presse\/","og_locale":"fr_FR","og_type":"article","og_title":"Tirelires : Communiqu\u00e9 et dossiers de presse - Bien-\u00eatre-solidaire","og_description":"LANCEMENT DES TIRELIRESDU MOUVEMENT BIEN-\u00caTRE SOLIDAIRE Association Ansanm Ansanm Antilles Guyanehttps:\/\/www.association-ansanm-ansanm-antilles-guyane.fransanm-ag@protonmail. comSophie Monneret, pr\u00e9sidente06 90 86 25 77 Communiqu\u00e9 de","og_url":"https:\/\/bien-etre-solidaire.com\/index.php\/tirelires-dossier-de-presse\/","og_site_name":"Bien-\u00eatre-solidaire","article_modified_time":"2023-06-19T00:12:54+00:00","og_image":[{"url":"https:\/\/bien-etre-solidaire.com\/wp-content\/uploads\/2023\/06\/Logo-Ansanm-Ansanm-AG-2.png","type":"","width":"","height":""}],"twitter_card":"summary_large_image","twitter_misc":{"Dur\u00e9e de lecture estim\u00e9e":"1 minute"},"schema":{"@context":"https:\/\/schema.org","@graph":[{"@type":"WebPage","@id":"https:\/\/bien-etre-solidaire.com\/index.php\/tirelires-dossier-de-presse\/","url":"https:\/\/bien-etre-solidaire.com\/index.php\/tirelires-dossier-de-presse\/","name":"Tirelires : Communiqu\u00e9 et dossiers de presse - Bien-\u00eatre-solidaire","isPartOf":{"@id":"https:\/\/bien-etre-solidaire.com\/#website"},"primaryImageOfPage":{"@id":"https:\/\/bien-etre-solidaire.com\/index.php\/tirelires-dossier-de-presse\/#primaryimage"},"image":{"@id":"https:\/\/bien-etre-solidaire.com\/index.php\/tirelires-dossier-de-presse\/#primaryimage"},"thumbnailUrl":"https:\/\/bien-etre-solidaire.com\/wp-content\/uploads\/2023\/06\/Logo-Ansanm-Ansanm-AG-2.png","datePublished":"2023-06-18T20:15:59+00:00","dateModified":"2023-06-19T00:12:54+00:00","breadcrumb":{"@id":"https:\/\/bien-etre-solidaire.com\/index.php\/tirelires-dossier-de-presse\/#breadcrumb"},"inLanguage":"fr-FR","potentialAction":[{"@type":"ReadAction","target":["https:\/\/bien-etre-solidaire.com\/index.php\/tirelires-dossier-de-presse\/"]}]},{"@type":"ImageObject","inLanguage":"fr-FR","@id":"https:\/\/bien-etre-solidaire.com\/index.php\/tirelires-dossier-de-presse\/#primaryimage","url":"https:\/\/bien-etre-solidaire.com\/wp-content\/uploads\/2023\/06\/Logo-Ansanm-Ansanm-AG-2.png","contentUrl":"https:\/\/bien-etre-solidaire.com\/wp-content\/uploads\/2023\/06\/Logo-Ansanm-Ansanm-AG-2.png","width":433,"height":399},{"@type":"BreadcrumbList","@id":"https:\/\/bien-etre-solidaire.com\/index.php\/tirelires-dossier-de-presse\/#breadcrumb","itemListElement":[{"@type":"ListItem","position":1,"name":"Accueil","item":"https:\/\/bien-etre-solidaire.com\/"},{"@type":"ListItem","position":2,"name":"Tirelires : Communiqu\u00e9 et dossiers de presse"}]},{"@type":"WebSite","@id":"https:\/\/bien-etre-solidaire.com\/#website","url":"https:\/\/bien-etre-solidaire.com\/","name":"Bien-\u00eatre-solidaire","description":"Un r\u00e9confort pour un sourire","publisher":{"@id":"https:\/\/bien-etre-solidaire.com\/#organization"},"potentialAction":[{"@type":"SearchAction","target":{"@type":"EntryPoint","urlTemplate":"https:\/\/bien-etre-solidaire.com\/?s={search_term_string}"},"query-input":{"@type":"PropertyValueSpecification","valueRequired":true,"valueName":"search_term_string"}}],"inLanguage":"fr-FR"},{"@type":"Organization","@id":"https:\/\/bien-etre-solidaire.com\/#organization","name":"Bien-\u00eatre-solidaire","url":"https:\/\/bien-etre-solidaire.com\/","logo":{"@type":"ImageObject","inLanguage":"fr-FR","@id":"https:\/\/bien-etre-solidaire.com\/#\/schema\/logo\/image\/","url":"https:\/\/bien-etre-solidaire.com\/wp-content\/uploads\/2023\/02\/cropped-logo-Bien-etre-solidaire-2023-512x512-1.jpg","contentUrl":"https:\/\/bien-etre-solidaire.com\/wp-content\/uploads\/2023\/02\/cropped-logo-Bien-etre-solidaire-2023-512x512-1.jpg","width":512,"height":512,"caption":"Bien-\u00eatre-solidaire"},"image":{"@id":"https:\/\/bien-etre-solidaire.com\/#\/schema\/logo\/image\/"}}]}},"jetpack_sharing_enabled":true,"_links":{"self":[{"href":"https:\/\/bien-etre-solidaire.com\/index.php\/wp-json\/wp\/v2\/pages\/833","targetHints":{"allow":["GET"]}}],"collection":[{"href":"https:\/\/bien-etre-solidaire.com\/index.php\/wp-json\/wp\/v2\/pages"}],"about":[{"href":"https:\/\/bien-etre-solidaire.com\/index.php\/wp-json\/wp\/v2\/types\/page"}],"author":[{"embeddable":true,"href":"https:\/\/bien-etre-solidaire.com\/index.php\/wp-json\/wp\/v2\/users\/1"}],"replies":[{"embeddable":true,"href":"https:\/\/bien-etre-solidaire.com\/index.php\/wp-json\/wp\/v2\/comments?post=833"}],"version-history":[{"count":7,"href":"https:\/\/bien-etre-solidaire.com\/index.php\/wp-json\/wp\/v2\/pages\/833\/revisions"}],"predecessor-version":[{"id":869,"href":"https:\/\/bien-etre-solidaire.com\/index.php\/wp-json\/wp\/v2\/pages\/833\/revisions\/869"}],"wp:attachment":[{"href":"https:\/\/bien-etre-solidaire.com\/index.php\/wp-json\/wp\/v2\/media?parent=833"}],"curies":[{"name":"wp","href":"https:\/\/api.w.org\/{rel}","templated":true}]}}