{"id":457,"date":"2023-02-08T08:21:57","date_gmt":"2023-02-08T12:21:57","guid":{"rendered":"https:\/\/bien-etre-solidaire.com\/?page_id=457"},"modified":"2023-02-09T16:08:51","modified_gmt":"2023-02-09T20:08:51","slug":"therapeutes-et-intervenants-ressources-fondamentale-du-bien-etre-et-de-la-sante","status":"publish","type":"page","link":"https:\/\/bien-etre-solidaire.com\/index.php\/therapeutes-et-intervenants-ressources-fondamentale-du-bien-etre-et-de-la-sante\/","title":{"rendered":"Th\u00e9rapeutes et intervenants : Ressources fondamentale du bien-\u00eatre et de la sant\u00e9"},"content":{"rendered":"\n<p>Face au mal-\u00eatre, les th\u00e9rapeutes, praticiens et intervenants sont souvent sollicit\u00e9s. Conventionn\u00e9s ou non, ils restent isol\u00e9s et rencontrent eux-m\u00eames des difficult\u00e9s \u00e0 proposer b\u00e9n\u00e9volement des soins qui ne sont pas toujours couverts par les dispositifs existants de la solidarit\u00e9\/sant\u00e9.<\/p>\n\n\n\n<figure class=\"wp-block-image size-large\"><img loading=\"lazy\" decoding=\"async\" width=\"1024\" height=\"798\" src=\"https:\/\/bien-etre-solidaire.com\/wp-content\/uploads\/2023\/02\/medecines-alternatives-800x1027-1-1024x798.png\" alt=\"\" class=\"wp-image-459\" srcset=\"https:\/\/bien-etre-solidaire.com\/wp-content\/uploads\/2023\/02\/medecines-alternatives-800x1027-1-1024x798.png 1024w, https:\/\/bien-etre-solidaire.com\/wp-content\/uploads\/2023\/02\/medecines-alternatives-800x1027-1-300x234.png 300w, https:\/\/bien-etre-solidaire.com\/wp-content\/uploads\/2023\/02\/medecines-alternatives-800x1027-1-768x598.png 768w, https:\/\/bien-etre-solidaire.com\/wp-content\/uploads\/2023\/02\/medecines-alternatives-800x1027-1.png 1027w\" sizes=\"auto, (max-width: 1024px) 100vw, 1024px\" \/><\/figure>\n\n\n\n<p><strong>Le bien-\u00eatre&nbsp;: un besoin et une difficult\u00e9<\/strong><\/p>\n\n\n\n<p><em><u>Un besoin<\/u><\/em>, car vous c\u00f4toyez s\u00fbrement dans votre entourage, dans votre famille, une personne proche&#8230; qui est au ch\u00f4mage, au RSA, ou en difficult\u00e9s passag\u00e8res d\u2019orientation de vie, ou de deuil &#8230;<\/p>\n\n\n\n<p>Dans ces p\u00e9riodes de doutes, de perte de moral&#8230;<\/p>\n\n\n\n<p>Nous avons surement un proche, un inconnu qui aurait un besoin d\u2019aide, de faire une pause, un temps pour prendre soin de soi, d\u2019un moment pour se ressourcer, se revitaliser, tout simplement besoin de r\u00e9confort. &nbsp;<\/p>\n\n\n\n<p>Si ce secteur de service est en pleine expansion, il ne peut cependant se d\u00e9velopper que si les praticiens disposent de ressources mat\u00e9rielles et financi\u00e8res pour exercer.<\/p>\n\n\n\n<p><em><u>Une difficult\u00e9<\/u><\/em> car nombreux sont ceux ayant besoin de bien-\u00eatre qui n\u2019ont pas les moyens d\u2019acc\u00e9der aux soins alternatifs (officiellement \u00ab&nbsp;m\u00e9decine non conventionnelle&nbsp;\u00bb).<\/p>\n\n\n\n<ul class=\"wp-block-list\">\n<li>Les personnes b\u00e9n\u00e9ficiaires des minimas sociaux et les autres faisant face \u00e0 des difficult\u00e9s<br><\/li>\n\n\n\n<li>Les associations solidaires ou \u00e0 vis\u00e9es humanitaires<br><\/li>\n\n\n\n<li>Les associations d\u2019aide aux personnes \u00ab\u00a0malades\u00a0\u00bb<br><\/li>\n\n\n\n<li>Les jeunes, les \u00e9tudiants ou les maisons de quartier \u2026<br><\/li>\n\n\n\n<li>Les personnes \u00e2g\u00e9es ou isol\u00e9es<br><\/li>\n\n\n\n<li>Et aussi chacun de nous et notre entourage, tout autour de nous \u2026<\/li>\n<\/ul>\n","protected":false},"excerpt":{"rendered":"<p>Face au mal-\u00eatre, les th\u00e9rapeutes, praticiens et intervenants sont souvent sollicit\u00e9s. Conventionn\u00e9s ou non, ils restent isol\u00e9s et rencontrent eux-m\u00eames<\/p>\n","protected":false},"author":1,"featured_media":0,"parent":0,"menu_order":0,"comment_status":"closed","ping_status":"closed","template":"","meta":{"colormag_page_container_layout":"default_layout","colormag_page_sidebar_layout":"default_layout","_bbp_topic_count":0,"_bbp_reply_count":0,"_bbp_total_topic_count":0,"_bbp_total_reply_count":0,"_bbp_voice_count":0,"_bbp_anonymous_reply_count":0,"_bbp_topic_count_hidden":0,"_bbp_reply_count_hidden":0,"_bbp_forum_subforum_count":0,"footnotes":""},"class_list":["post-457","page","type-page","status-publish","hentry"],"yoast_head":"<!-- This site is optimized with the Yoast SEO plugin v26.9 - https:\/\/yoast.com\/product\/yoast-seo-wordpress\/ -->\n<title>Th\u00e9rapeutes et intervenants : Ressources fondamentale du bien-\u00eatre et de la sant\u00e9 - Bien-\u00eatre-solidaire<\/title>\n<meta name=\"robots\" content=\"index, follow, max-snippet:-1, max-image-preview:large, max-video-preview:-1\" \/>\n<link rel=\"canonical\" href=\"https:\/\/bien-etre-solidaire.com\/index.php\/therapeutes-et-intervenants-ressources-fondamentale-du-bien-etre-et-de-la-sante\/\" class=\"yoast-seo-meta-tag\" \/>\n<meta property=\"og:locale\" content=\"fr_FR\" class=\"yoast-seo-meta-tag\" \/>\n<meta property=\"og:type\" content=\"article\" class=\"yoast-seo-meta-tag\" \/>\n<meta property=\"og:title\" content=\"Th\u00e9rapeutes et intervenants : Ressources fondamentale du bien-\u00eatre et de la sant\u00e9 - Bien-\u00eatre-solidaire\" class=\"yoast-seo-meta-tag\" \/>\n<meta property=\"og:description\" content=\"Face au mal-\u00eatre, les th\u00e9rapeutes, praticiens et intervenants sont souvent sollicit\u00e9s. Conventionn\u00e9s ou non, ils restent isol\u00e9s et rencontrent eux-m\u00eames\" class=\"yoast-seo-meta-tag\" \/>\n<meta property=\"og:url\" content=\"https:\/\/bien-etre-solidaire.com\/index.php\/therapeutes-et-intervenants-ressources-fondamentale-du-bien-etre-et-de-la-sante\/\" class=\"yoast-seo-meta-tag\" \/>\n<meta property=\"og:site_name\" content=\"Bien-\u00eatre-solidaire\" class=\"yoast-seo-meta-tag\" \/>\n<meta property=\"article:modified_time\" content=\"2023-02-09T20:08:51+00:00\" class=\"yoast-seo-meta-tag\" \/>\n<meta property=\"og:image\" content=\"https:\/\/bien-etre-solidaire.com\/wp-content\/uploads\/2023\/02\/medecines-alternatives-800x1027-1-1024x798.png\" class=\"yoast-seo-meta-tag\" \/>\n<meta name=\"twitter:card\" content=\"summary_large_image\" class=\"yoast-seo-meta-tag\" \/>\n<meta name=\"twitter:label1\" content=\"Dur\u00e9e de lecture estim\u00e9e\" class=\"yoast-seo-meta-tag\" \/>\n\t<meta name=\"twitter:data1\" content=\"2 minutes\" class=\"yoast-seo-meta-tag\" \/>\n<script type=\"application\/ld+json\" class=\"yoast-schema-graph\">{\"@context\":\"https:\/\/schema.org\",\"@graph\":[{\"@type\":\"WebPage\",\"@id\":\"https:\/\/bien-etre-solidaire.com\/index.php\/therapeutes-et-intervenants-ressources-fondamentale-du-bien-etre-et-de-la-sante\/\",\"url\":\"https:\/\/bien-etre-solidaire.com\/index.php\/therapeutes-et-intervenants-ressources-fondamentale-du-bien-etre-et-de-la-sante\/\",\"name\":\"Th\u00e9rapeutes et intervenants : Ressources fondamentale du bien-\u00eatre et de la sant\u00e9 - Bien-\u00eatre-solidaire\",\"isPartOf\":{\"@id\":\"https:\/\/bien-etre-solidaire.com\/#website\"},\"primaryImageOfPage\":{\"@id\":\"https:\/\/bien-etre-solidaire.com\/index.php\/therapeutes-et-intervenants-ressources-fondamentale-du-bien-etre-et-de-la-sante\/#primaryimage\"},\"image\":{\"@id\":\"https:\/\/bien-etre-solidaire.com\/index.php\/therapeutes-et-intervenants-ressources-fondamentale-du-bien-etre-et-de-la-sante\/#primaryimage\"},\"thumbnailUrl\":\"https:\/\/bien-etre-solidaire.com\/wp-content\/uploads\/2023\/02\/medecines-alternatives-800x1027-1-1024x798.png\",\"datePublished\":\"2023-02-08T12:21:57+00:00\",\"dateModified\":\"2023-02-09T20:08:51+00:00\",\"breadcrumb\":{\"@id\":\"https:\/\/bien-etre-solidaire.com\/index.php\/therapeutes-et-intervenants-ressources-fondamentale-du-bien-etre-et-de-la-sante\/#breadcrumb\"},\"inLanguage\":\"fr-FR\",\"potentialAction\":[{\"@type\":\"ReadAction\",\"target\":[\"https:\/\/bien-etre-solidaire.com\/index.php\/therapeutes-et-intervenants-ressources-fondamentale-du-bien-etre-et-de-la-sante\/\"]}]},{\"@type\":\"ImageObject\",\"inLanguage\":\"fr-FR\",\"@id\":\"https:\/\/bien-etre-solidaire.com\/index.php\/therapeutes-et-intervenants-ressources-fondamentale-du-bien-etre-et-de-la-sante\/#primaryimage\",\"url\":\"https:\/\/bien-etre-solidaire.com\/wp-content\/uploads\/2023\/02\/medecines-alternatives-800x1027-1.png\",\"contentUrl\":\"https:\/\/bien-etre-solidaire.com\/wp-content\/uploads\/2023\/02\/medecines-alternatives-800x1027-1.png\",\"width\":1027,\"height\":800},{\"@type\":\"BreadcrumbList\",\"@id\":\"https:\/\/bien-etre-solidaire.com\/index.php\/therapeutes-et-intervenants-ressources-fondamentale-du-bien-etre-et-de-la-sante\/#breadcrumb\",\"itemListElement\":[{\"@type\":\"ListItem\",\"position\":1,\"name\":\"Accueil\",\"item\":\"https:\/\/bien-etre-solidaire.com\/\"},{\"@type\":\"ListItem\",\"position\":2,\"name\":\"Th\u00e9rapeutes et intervenants : Ressources fondamentale du bien-\u00eatre et de la sant\u00e9\"}]},{\"@type\":\"WebSite\",\"@id\":\"https:\/\/bien-etre-solidaire.com\/#website\",\"url\":\"https:\/\/bien-etre-solidaire.com\/\",\"name\":\"Bien-\u00eatre-solidaire\",\"description\":\"Un r\u00e9confort pour un sourire\",\"publisher\":{\"@id\":\"https:\/\/bien-etre-solidaire.com\/#organization\"},\"potentialAction\":[{\"@type\":\"SearchAction\",\"target\":{\"@type\":\"EntryPoint\",\"urlTemplate\":\"https:\/\/bien-etre-solidaire.com\/?s={search_term_string}\"},\"query-input\":{\"@type\":\"PropertyValueSpecification\",\"valueRequired\":true,\"valueName\":\"search_term_string\"}}],\"inLanguage\":\"fr-FR\"},{\"@type\":\"Organization\",\"@id\":\"https:\/\/bien-etre-solidaire.com\/#organization\",\"name\":\"Bien-\u00eatre-solidaire\",\"url\":\"https:\/\/bien-etre-solidaire.com\/\",\"logo\":{\"@type\":\"ImageObject\",\"inLanguage\":\"fr-FR\",\"@id\":\"https:\/\/bien-etre-solidaire.com\/#\/schema\/logo\/image\/\",\"url\":\"https:\/\/bien-etre-solidaire.com\/wp-content\/uploads\/2023\/02\/cropped-logo-Bien-etre-solidaire-2023-512x512-1.jpg\",\"contentUrl\":\"https:\/\/bien-etre-solidaire.com\/wp-content\/uploads\/2023\/02\/cropped-logo-Bien-etre-solidaire-2023-512x512-1.jpg\",\"width\":512,\"height\":512,\"caption\":\"Bien-\u00eatre-solidaire\"},\"image\":{\"@id\":\"https:\/\/bien-etre-solidaire.com\/#\/schema\/logo\/image\/\"}}]}<\/script>\n<!-- \/ Yoast SEO plugin. -->","yoast_head_json":{"title":"Th\u00e9rapeutes et intervenants : Ressources fondamentale du bien-\u00eatre et de la sant\u00e9 - Bien-\u00eatre-solidaire","robots":{"index":"index","follow":"follow","max-snippet":"max-snippet:-1","max-image-preview":"max-image-preview:large","max-video-preview":"max-video-preview:-1"},"canonical":"https:\/\/bien-etre-solidaire.com\/index.php\/therapeutes-et-intervenants-ressources-fondamentale-du-bien-etre-et-de-la-sante\/","og_locale":"fr_FR","og_type":"article","og_title":"Th\u00e9rapeutes et intervenants : Ressources fondamentale du bien-\u00eatre et de la sant\u00e9 - Bien-\u00eatre-solidaire","og_description":"Face au mal-\u00eatre, les th\u00e9rapeutes, praticiens et intervenants sont souvent sollicit\u00e9s. Conventionn\u00e9s ou non, ils restent isol\u00e9s et rencontrent eux-m\u00eames","og_url":"https:\/\/bien-etre-solidaire.com\/index.php\/therapeutes-et-intervenants-ressources-fondamentale-du-bien-etre-et-de-la-sante\/","og_site_name":"Bien-\u00eatre-solidaire","article_modified_time":"2023-02-09T20:08:51+00:00","og_image":[{"url":"https:\/\/bien-etre-solidaire.com\/wp-content\/uploads\/2023\/02\/medecines-alternatives-800x1027-1-1024x798.png","type":"","width":"","height":""}],"twitter_card":"summary_large_image","twitter_misc":{"Dur\u00e9e de lecture estim\u00e9e":"2 minutes"},"schema":{"@context":"https:\/\/schema.org","@graph":[{"@type":"WebPage","@id":"https:\/\/bien-etre-solidaire.com\/index.php\/therapeutes-et-intervenants-ressources-fondamentale-du-bien-etre-et-de-la-sante\/","url":"https:\/\/bien-etre-solidaire.com\/index.php\/therapeutes-et-intervenants-ressources-fondamentale-du-bien-etre-et-de-la-sante\/","name":"Th\u00e9rapeutes et intervenants : Ressources fondamentale du bien-\u00eatre et de la sant\u00e9 - Bien-\u00eatre-solidaire","isPartOf":{"@id":"https:\/\/bien-etre-solidaire.com\/#website"},"primaryImageOfPage":{"@id":"https:\/\/bien-etre-solidaire.com\/index.php\/therapeutes-et-intervenants-ressources-fondamentale-du-bien-etre-et-de-la-sante\/#primaryimage"},"image":{"@id":"https:\/\/bien-etre-solidaire.com\/index.php\/therapeutes-et-intervenants-ressources-fondamentale-du-bien-etre-et-de-la-sante\/#primaryimage"},"thumbnailUrl":"https:\/\/bien-etre-solidaire.com\/wp-content\/uploads\/2023\/02\/medecines-alternatives-800x1027-1-1024x798.png","datePublished":"2023-02-08T12:21:57+00:00","dateModified":"2023-02-09T20:08:51+00:00","breadcrumb":{"@id":"https:\/\/bien-etre-solidaire.com\/index.php\/therapeutes-et-intervenants-ressources-fondamentale-du-bien-etre-et-de-la-sante\/#breadcrumb"},"inLanguage":"fr-FR","potentialAction":[{"@type":"ReadAction","target":["https:\/\/bien-etre-solidaire.com\/index.php\/therapeutes-et-intervenants-ressources-fondamentale-du-bien-etre-et-de-la-sante\/"]}]},{"@type":"ImageObject","inLanguage":"fr-FR","@id":"https:\/\/bien-etre-solidaire.com\/index.php\/therapeutes-et-intervenants-ressources-fondamentale-du-bien-etre-et-de-la-sante\/#primaryimage","url":"https:\/\/bien-etre-solidaire.com\/wp-content\/uploads\/2023\/02\/medecines-alternatives-800x1027-1.png","contentUrl":"https:\/\/bien-etre-solidaire.com\/wp-content\/uploads\/2023\/02\/medecines-alternatives-800x1027-1.png","width":1027,"height":800},{"@type":"BreadcrumbList","@id":"https:\/\/bien-etre-solidaire.com\/index.php\/therapeutes-et-intervenants-ressources-fondamentale-du-bien-etre-et-de-la-sante\/#breadcrumb","itemListElement":[{"@type":"ListItem","position":1,"name":"Accueil","item":"https:\/\/bien-etre-solidaire.com\/"},{"@type":"ListItem","position":2,"name":"Th\u00e9rapeutes et intervenants : Ressources fondamentale du bien-\u00eatre et de la sant\u00e9"}]},{"@type":"WebSite","@id":"https:\/\/bien-etre-solidaire.com\/#website","url":"https:\/\/bien-etre-solidaire.com\/","name":"Bien-\u00eatre-solidaire","description":"Un r\u00e9confort pour un sourire","publisher":{"@id":"https:\/\/bien-etre-solidaire.com\/#organization"},"potentialAction":[{"@type":"SearchAction","target":{"@type":"EntryPoint","urlTemplate":"https:\/\/bien-etre-solidaire.com\/?s={search_term_string}"},"query-input":{"@type":"PropertyValueSpecification","valueRequired":true,"valueName":"search_term_string"}}],"inLanguage":"fr-FR"},{"@type":"Organization","@id":"https:\/\/bien-etre-solidaire.com\/#organization","name":"Bien-\u00eatre-solidaire","url":"https:\/\/bien-etre-solidaire.com\/","logo":{"@type":"ImageObject","inLanguage":"fr-FR","@id":"https:\/\/bien-etre-solidaire.com\/#\/schema\/logo\/image\/","url":"https:\/\/bien-etre-solidaire.com\/wp-content\/uploads\/2023\/02\/cropped-logo-Bien-etre-solidaire-2023-512x512-1.jpg","contentUrl":"https:\/\/bien-etre-solidaire.com\/wp-content\/uploads\/2023\/02\/cropped-logo-Bien-etre-solidaire-2023-512x512-1.jpg","width":512,"height":512,"caption":"Bien-\u00eatre-solidaire"},"image":{"@id":"https:\/\/bien-etre-solidaire.com\/#\/schema\/logo\/image\/"}}]}},"jetpack_sharing_enabled":true,"_links":{"self":[{"href":"https:\/\/bien-etre-solidaire.com\/index.php\/wp-json\/wp\/v2\/pages\/457","targetHints":{"allow":["GET"]}}],"collection":[{"href":"https:\/\/bien-etre-solidaire.com\/index.php\/wp-json\/wp\/v2\/pages"}],"about":[{"href":"https:\/\/bien-etre-solidaire.com\/index.php\/wp-json\/wp\/v2\/types\/page"}],"author":[{"embeddable":true,"href":"https:\/\/bien-etre-solidaire.com\/index.php\/wp-json\/wp\/v2\/users\/1"}],"replies":[{"embeddable":true,"href":"https:\/\/bien-etre-solidaire.com\/index.php\/wp-json\/wp\/v2\/comments?post=457"}],"version-history":[{"count":2,"href":"https:\/\/bien-etre-solidaire.com\/index.php\/wp-json\/wp\/v2\/pages\/457\/revisions"}],"predecessor-version":[{"id":675,"href":"https:\/\/bien-etre-solidaire.com\/index.php\/wp-json\/wp\/v2\/pages\/457\/revisions\/675"}],"wp:attachment":[{"href":"https:\/\/bien-etre-solidaire.com\/index.php\/wp-json\/wp\/v2\/media?parent=457"}],"curies":[{"name":"wp","href":"https:\/\/api.w.org\/{rel}","templated":true}]}}