{"id":390,"date":"2015-12-21T10:47:58","date_gmt":"2015-12-21T10:47:58","guid":{"rendered":"https:\/\/8degreethemes.com\/demo\/8medi-lite\/?page_id=115"},"modified":"2015-12-21T10:47:58","modified_gmt":"2015-12-21T10:47:58","slug":"page-with-left-sidebar","status":"publish","type":"page","link":"https:\/\/bien-etre-solidaire.com\/index.php\/page-with-left-sidebar\/","title":{"rendered":"Page with left sidebar"},"content":{"rendered":"<p>dLorem ipsum dolor sit amet, consectetur adipiscing elit, sed do eiusmod tempor incididunt ut labore et dolore magna aliqua. Ut enim ad minim veniam, quis nostrud exercitation ullamco laboris nisi ut aliquip ex ea commodo consequat.\u00a0Lorem ipsum dolor sit amet, consectetur adipiscing elit, sed do eiusmod tempor incididunt ut labore et dolore magna aliqua. Ut enim ad minim veniam, quis nostrud exercitation ullamco laboris nisi ut aliquip ex ea commodo consequat.\u00a0Lorem ipsum dolor sit amet, consectetur adipiscing elit, sed do eiusmod tempor incididunt ut labore et dolore magna aliqua. Ut enim ad minim veniam.\u00a0dLorem ipsum dolor sit amet, consectetur adipiscing elit, sed do eiusmod tempor incididunt ut labore et dolore magna aliqua. Ut enim ad minim veniam, quis nostrud exercitation ullamco laboris nisi ut aliquip ex ea commodo consequat.\u00a0Lorem ipsum dolor sit amet, consectetur adipiscing elit, sed do eiusmod tempor incididunt ut labore et dolore magna aliqua. Ut enim ad minim veniam, quis nostrud exercitation ullamco laboris nisi ut aliquip ex ea commodo consequat.\u00a0Lorem ipsum dolor sit amet, consectetur adipiscing elit, sed do eiusmod tempor incididunt ut labore et dolore magna aliqua. Ut enim ad minim veniam.<\/p>\n<p>dLorem ipsum dolor sit amet, consectetur adipiscing elit, sed do eiusmod tempor incididunt ut labore et dolore magna aliqua. Ut enim ad minim veniam, quis nostrud exercitation ullamco laboris nisi ut aliquip ex ea commodo consequat.\u00a0Lorem ipsum dolor sit amet, consectetur adipiscing elit, sed do eiusmod tempor incididunt ut labore et dolore magna aliqua. Ut enim ad minim veniam, quis nostrud exercitation ullamco laboris nisi ut aliquip ex ea commodo consequat.\u00a0Lorem ipsum dolor sit amet, consectetur adipiscing elit, sed do eiusmod tempor incididunt ut labore et dolore magna aliqua. Ut enim ad minim veniam.<\/p>\n<p>dLorem ipsum dolor sit amet, consectetur adipiscing elit, sed do eiusmod tempor incididunt ut labore et dolore magna aliqua. Ut enim ad minim veniam, quis nostrud exercitation ullamco laboris nisi ut aliquip ex ea commodo consequat.\u00a0Lorem ipsum dolor sit amet, consectetur adipiscing elit, sed do eiusmod tempor incididunt ut labore et dolore magna aliqua. Ut enim ad minim veniam, quis nostrud exercitation ullamco laboris nisi ut aliquip ex ea commodo consequat.\u00a0Lorem ipsum dolor sit amet, consectetur adipiscing elit, sed do eiusmod tempor incididunt ut labore et dolore magna aliqua. Ut enim ad minim veniam.\u00a0dLorem ipsum dolor sit amet, consectetur adipiscing elit, sed do eiusmod tempor incididunt ut labore et dolore magna aliqua. Ut enim ad minim veniam, quis nostrud exercitation ullamco laboris nisi ut aliquip ex ea commodo consequat.\u00a0Lorem ipsum dolor sit amet, consectetur adipiscing elit, sed do eiusmod tempor incididunt ut labore et dolore magna aliqua. Ut enim ad minim veniam, quis nostrud exercitation ullamco laboris nisi ut aliquip ex ea commodo consequat.\u00a0Lorem ipsum dolor sit amet, consectetur adipiscing elit, sed do eiusmod tempor incididunt ut labore et dolore magna aliqua. Ut enim ad minim veniam<\/p>\n","protected":false},"excerpt":{"rendered":"<p>dLorem ipsum dolor sit amet, consectetur adipiscing elit, sed do eiusmod tempor incididunt ut labore et dolore magna aliqua. Ut<\/p>\n","protected":false},"author":1,"featured_media":109,"parent":0,"menu_order":0,"comment_status":"closed","ping_status":"closed","template":"","meta":{"colormag_page_container_layout":"default_layout","colormag_page_sidebar_layout":"default_layout","_bbp_topic_count":0,"_bbp_reply_count":0,"_bbp_total_topic_count":0,"_bbp_total_reply_count":0,"_bbp_voice_count":0,"_bbp_anonymous_reply_count":0,"_bbp_topic_count_hidden":0,"_bbp_reply_count_hidden":0,"_bbp_forum_subforum_count":0,"footnotes":""},"class_list":["post-390","page","type-page","status-publish","has-post-thumbnail","hentry"],"yoast_head":"<!-- This site is optimized with the Yoast SEO plugin v26.9 - https:\/\/yoast.com\/product\/yoast-seo-wordpress\/ -->\n<title>Page with left sidebar - Bien-\u00eatre-solidaire<\/title>\n<meta name=\"robots\" content=\"index, follow, max-snippet:-1, max-image-preview:large, max-video-preview:-1\" \/>\n<link rel=\"canonical\" href=\"https:\/\/bien-etre-solidaire.com\/index.php\/page-with-left-sidebar\/\" class=\"yoast-seo-meta-tag\" \/>\n<meta property=\"og:locale\" content=\"fr_FR\" class=\"yoast-seo-meta-tag\" \/>\n<meta property=\"og:type\" content=\"article\" class=\"yoast-seo-meta-tag\" \/>\n<meta property=\"og:title\" content=\"Page with left sidebar - Bien-\u00eatre-solidaire\" class=\"yoast-seo-meta-tag\" \/>\n<meta property=\"og:description\" content=\"dLorem ipsum dolor sit amet, consectetur adipiscing elit, sed do eiusmod tempor incididunt ut labore et dolore magna aliqua. Ut\" class=\"yoast-seo-meta-tag\" \/>\n<meta property=\"og:url\" content=\"https:\/\/bien-etre-solidaire.com\/index.php\/page-with-left-sidebar\/\" class=\"yoast-seo-meta-tag\" \/>\n<meta property=\"og:site_name\" content=\"Bien-\u00eatre-solidaire\" class=\"yoast-seo-meta-tag\" \/>\n<meta name=\"twitter:card\" content=\"summary_large_image\" class=\"yoast-seo-meta-tag\" \/>\n<meta name=\"twitter:label1\" content=\"Dur\u00e9e de lecture estim\u00e9e\" class=\"yoast-seo-meta-tag\" \/>\n\t<meta name=\"twitter:data1\" content=\"2 minutes\" class=\"yoast-seo-meta-tag\" \/>\n<script type=\"application\/ld+json\" class=\"yoast-schema-graph\">{\"@context\":\"https:\/\/schema.org\",\"@graph\":[{\"@type\":\"WebPage\",\"@id\":\"https:\/\/bien-etre-solidaire.com\/index.php\/page-with-left-sidebar\/\",\"url\":\"https:\/\/bien-etre-solidaire.com\/index.php\/page-with-left-sidebar\/\",\"name\":\"Page with left sidebar - Bien-\u00eatre-solidaire\",\"isPartOf\":{\"@id\":\"https:\/\/bien-etre-solidaire.com\/#website\"},\"primaryImageOfPage\":{\"@id\":\"https:\/\/bien-etre-solidaire.com\/index.php\/page-with-left-sidebar\/#primaryimage\"},\"image\":{\"@id\":\"https:\/\/bien-etre-solidaire.com\/index.php\/page-with-left-sidebar\/#primaryimage\"},\"thumbnailUrl\":\"https:\/\/bien-etre-solidaire.com\/wp-content\/uploads\/2023\/02\/Gratiferia-Guadeloupe.jpg\",\"datePublished\":\"2015-12-21T10:47:58+00:00\",\"breadcrumb\":{\"@id\":\"https:\/\/bien-etre-solidaire.com\/index.php\/page-with-left-sidebar\/#breadcrumb\"},\"inLanguage\":\"fr-FR\",\"potentialAction\":[{\"@type\":\"ReadAction\",\"target\":[\"https:\/\/bien-etre-solidaire.com\/index.php\/page-with-left-sidebar\/\"]}]},{\"@type\":\"ImageObject\",\"inLanguage\":\"fr-FR\",\"@id\":\"https:\/\/bien-etre-solidaire.com\/index.php\/page-with-left-sidebar\/#primaryimage\",\"url\":\"https:\/\/bien-etre-solidaire.com\/wp-content\/uploads\/2023\/02\/Gratiferia-Guadeloupe.jpg\",\"contentUrl\":\"https:\/\/bien-etre-solidaire.com\/wp-content\/uploads\/2023\/02\/Gratiferia-Guadeloupe.jpg\",\"width\":650,\"height\":431},{\"@type\":\"BreadcrumbList\",\"@id\":\"https:\/\/bien-etre-solidaire.com\/index.php\/page-with-left-sidebar\/#breadcrumb\",\"itemListElement\":[{\"@type\":\"ListItem\",\"position\":1,\"name\":\"Accueil\",\"item\":\"https:\/\/bien-etre-solidaire.com\/\"},{\"@type\":\"ListItem\",\"position\":2,\"name\":\"Page with left sidebar\"}]},{\"@type\":\"WebSite\",\"@id\":\"https:\/\/bien-etre-solidaire.com\/#website\",\"url\":\"https:\/\/bien-etre-solidaire.com\/\",\"name\":\"Bien-\u00eatre-solidaire\",\"description\":\"Un r\u00e9confort pour un sourire\",\"publisher\":{\"@id\":\"https:\/\/bien-etre-solidaire.com\/#organization\"},\"potentialAction\":[{\"@type\":\"SearchAction\",\"target\":{\"@type\":\"EntryPoint\",\"urlTemplate\":\"https:\/\/bien-etre-solidaire.com\/?s={search_term_string}\"},\"query-input\":{\"@type\":\"PropertyValueSpecification\",\"valueRequired\":true,\"valueName\":\"search_term_string\"}}],\"inLanguage\":\"fr-FR\"},{\"@type\":\"Organization\",\"@id\":\"https:\/\/bien-etre-solidaire.com\/#organization\",\"name\":\"Bien-\u00eatre-solidaire\",\"url\":\"https:\/\/bien-etre-solidaire.com\/\",\"logo\":{\"@type\":\"ImageObject\",\"inLanguage\":\"fr-FR\",\"@id\":\"https:\/\/bien-etre-solidaire.com\/#\/schema\/logo\/image\/\",\"url\":\"https:\/\/bien-etre-solidaire.com\/wp-content\/uploads\/2023\/02\/cropped-logo-Bien-etre-solidaire-2023-512x512-1.jpg\",\"contentUrl\":\"https:\/\/bien-etre-solidaire.com\/wp-content\/uploads\/2023\/02\/cropped-logo-Bien-etre-solidaire-2023-512x512-1.jpg\",\"width\":512,\"height\":512,\"caption\":\"Bien-\u00eatre-solidaire\"},\"image\":{\"@id\":\"https:\/\/bien-etre-solidaire.com\/#\/schema\/logo\/image\/\"}}]}<\/script>\n<!-- \/ Yoast SEO plugin. -->","yoast_head_json":{"title":"Page with left sidebar - Bien-\u00eatre-solidaire","robots":{"index":"index","follow":"follow","max-snippet":"max-snippet:-1","max-image-preview":"max-image-preview:large","max-video-preview":"max-video-preview:-1"},"canonical":"https:\/\/bien-etre-solidaire.com\/index.php\/page-with-left-sidebar\/","og_locale":"fr_FR","og_type":"article","og_title":"Page with left sidebar - Bien-\u00eatre-solidaire","og_description":"dLorem ipsum dolor sit amet, consectetur adipiscing elit, sed do eiusmod tempor incididunt ut labore et dolore magna aliqua. Ut","og_url":"https:\/\/bien-etre-solidaire.com\/index.php\/page-with-left-sidebar\/","og_site_name":"Bien-\u00eatre-solidaire","twitter_card":"summary_large_image","twitter_misc":{"Dur\u00e9e de lecture estim\u00e9e":"2 minutes"},"schema":{"@context":"https:\/\/schema.org","@graph":[{"@type":"WebPage","@id":"https:\/\/bien-etre-solidaire.com\/index.php\/page-with-left-sidebar\/","url":"https:\/\/bien-etre-solidaire.com\/index.php\/page-with-left-sidebar\/","name":"Page with left sidebar - Bien-\u00eatre-solidaire","isPartOf":{"@id":"https:\/\/bien-etre-solidaire.com\/#website"},"primaryImageOfPage":{"@id":"https:\/\/bien-etre-solidaire.com\/index.php\/page-with-left-sidebar\/#primaryimage"},"image":{"@id":"https:\/\/bien-etre-solidaire.com\/index.php\/page-with-left-sidebar\/#primaryimage"},"thumbnailUrl":"https:\/\/bien-etre-solidaire.com\/wp-content\/uploads\/2023\/02\/Gratiferia-Guadeloupe.jpg","datePublished":"2015-12-21T10:47:58+00:00","breadcrumb":{"@id":"https:\/\/bien-etre-solidaire.com\/index.php\/page-with-left-sidebar\/#breadcrumb"},"inLanguage":"fr-FR","potentialAction":[{"@type":"ReadAction","target":["https:\/\/bien-etre-solidaire.com\/index.php\/page-with-left-sidebar\/"]}]},{"@type":"ImageObject","inLanguage":"fr-FR","@id":"https:\/\/bien-etre-solidaire.com\/index.php\/page-with-left-sidebar\/#primaryimage","url":"https:\/\/bien-etre-solidaire.com\/wp-content\/uploads\/2023\/02\/Gratiferia-Guadeloupe.jpg","contentUrl":"https:\/\/bien-etre-solidaire.com\/wp-content\/uploads\/2023\/02\/Gratiferia-Guadeloupe.jpg","width":650,"height":431},{"@type":"BreadcrumbList","@id":"https:\/\/bien-etre-solidaire.com\/index.php\/page-with-left-sidebar\/#breadcrumb","itemListElement":[{"@type":"ListItem","position":1,"name":"Accueil","item":"https:\/\/bien-etre-solidaire.com\/"},{"@type":"ListItem","position":2,"name":"Page with left sidebar"}]},{"@type":"WebSite","@id":"https:\/\/bien-etre-solidaire.com\/#website","url":"https:\/\/bien-etre-solidaire.com\/","name":"Bien-\u00eatre-solidaire","description":"Un r\u00e9confort pour un sourire","publisher":{"@id":"https:\/\/bien-etre-solidaire.com\/#organization"},"potentialAction":[{"@type":"SearchAction","target":{"@type":"EntryPoint","urlTemplate":"https:\/\/bien-etre-solidaire.com\/?s={search_term_string}"},"query-input":{"@type":"PropertyValueSpecification","valueRequired":true,"valueName":"search_term_string"}}],"inLanguage":"fr-FR"},{"@type":"Organization","@id":"https:\/\/bien-etre-solidaire.com\/#organization","name":"Bien-\u00eatre-solidaire","url":"https:\/\/bien-etre-solidaire.com\/","logo":{"@type":"ImageObject","inLanguage":"fr-FR","@id":"https:\/\/bien-etre-solidaire.com\/#\/schema\/logo\/image\/","url":"https:\/\/bien-etre-solidaire.com\/wp-content\/uploads\/2023\/02\/cropped-logo-Bien-etre-solidaire-2023-512x512-1.jpg","contentUrl":"https:\/\/bien-etre-solidaire.com\/wp-content\/uploads\/2023\/02\/cropped-logo-Bien-etre-solidaire-2023-512x512-1.jpg","width":512,"height":512,"caption":"Bien-\u00eatre-solidaire"},"image":{"@id":"https:\/\/bien-etre-solidaire.com\/#\/schema\/logo\/image\/"}}]}},"jetpack_sharing_enabled":true,"_links":{"self":[{"href":"https:\/\/bien-etre-solidaire.com\/index.php\/wp-json\/wp\/v2\/pages\/390","targetHints":{"allow":["GET"]}}],"collection":[{"href":"https:\/\/bien-etre-solidaire.com\/index.php\/wp-json\/wp\/v2\/pages"}],"about":[{"href":"https:\/\/bien-etre-solidaire.com\/index.php\/wp-json\/wp\/v2\/types\/page"}],"author":[{"embeddable":true,"href":"https:\/\/bien-etre-solidaire.com\/index.php\/wp-json\/wp\/v2\/users\/1"}],"replies":[{"embeddable":true,"href":"https:\/\/bien-etre-solidaire.com\/index.php\/wp-json\/wp\/v2\/comments?post=390"}],"version-history":[{"count":0,"href":"https:\/\/bien-etre-solidaire.com\/index.php\/wp-json\/wp\/v2\/pages\/390\/revisions"}],"wp:featuredmedia":[{"embeddable":true,"href":"https:\/\/bien-etre-solidaire.com\/index.php\/wp-json\/wp\/v2\/media\/109"}],"wp:attachment":[{"href":"https:\/\/bien-etre-solidaire.com\/index.php\/wp-json\/wp\/v2\/media?parent=390"}],"curies":[{"name":"wp","href":"https:\/\/api.w.org\/{rel}","templated":true}]}}